 2*n + 1 = 0, 5*n - 2 = 4*f + 6. Let j(i) = 2 + i**f - 5*i**2 - 2*i**3 + 4. Let a(o) = -o**2 + 11*o - 29. Let m be a(3). What is j(m)?
6
Let z(y) = 12*y**2 - 22*y + 12. Let c(j) = -7*j**2 + 12*j - 7. Let m(n) = -5*c(n) - 3*z(n). Give m(5).
4
Let g = -2601 + 2598. Let k(y) = -y + 4. Give k(g).
7
Let z(b) = b - 3. Let x(u) = -u - 1. Let h(w) = -3*w - 3. Let n(m) = 2*h(m) - 5*x(m). Let v be n(-4). Suppose -v*r - 5 = -2*r. Determine z(r).
-8
Let u(f) = -f**2 + 6*f + 2. Suppose 10 = 3*c - c. Let p be (-1 + 1)*(c - 6). Let j be -1 - -4 - (p + -2). Give u(j).
7
Let v(i) = i - 3. Let p be v(6). Let l = 114 + -108. Let c(q) = 3*q + l*q - 8*q + p. Calculate c(0).
3
Let v(u) = u**2 - 7*u + 6. Let o = 43 - 37. Suppose 12 = -o*z + 48. What is v(z)?
0
Let d(j) = -j**3 - 6*j**2 + 2*j + 9. Let i be d(-6). Let f(u) = -25*u**2 - 88*u + 8. Let c(k) = -9*k**2 - 32*k + 3. Let b(p) = 11*c(p) - 4*f(p). Calculate b(i).
10
Let y(b) = -b**2 - 13*b - 7. Let t = 309 + -320. What is y(t)?
15
Let x = -178 + 173. Let v(q) = -q**3 - 4*q**2 + 8*q + 12. Give v(x).
-3
Let c(s) = -3*s + 7. Let y(k) = 3*k - 5. Let t(n) = 2*c(n) + 3*y(n). What is t(-6)?
-19
Let p(o) = o**3 - o - 1. Let c be 25/(-4) - ((-22)/(-8) + -3). Let w(m) = -m**3 - 6*m**2 + m + 8. Let d be w(c). Calculate p(d).
5
Suppose 6 = 4*d - 14. Let s(v) be the third derivative of -v**4/12 + v**3/2 + 2*v**2 - 28. What is s(d)?
-7
Let i = -1207 - -1184. Let g(q) = q + 33. What is g(i)?
10
Let o(p) be the third derivative of p**6/240 - 3*p**5/40 - 5*p**4/8 - 5*p**2. Let s(t) be the second derivative of o(t). Determine s(6).
9
Let z(w) = 29*w - 27*w - 5*w. Give z(-7).
21
Let s(t) = -4 + 473*t**3 - 232*t**3 - 7*t**2 - 240*t**3 + 2*t. What is s(5)?
-44
Let g = -36 - -67. Let b = -24 + g. Let v(h) = 2*h - 8. Give v(b).
6
Let d(z) = z**3 + z**2 + 3*z - 1. Let o(j) = -2*j**3 - 9*j**2 - 13*j + 1. Let m(a) = 3*d(a) + o(a). Give m(5).
-47
Suppose -9*w = 5 - 50. Let u(p) be the third derivative of -p**5/60 + p**4/12 - 5*p**3/6 + 3*p**2 - 2. Determine u(w).
-20
Let i(g) = -g + 10. Suppose 13*f - 132 = 89. Calculate i(f).
-7
Let s(x) = 9*x**2 - 3*x + 2. Suppose 35 = 18*g + 17. Calculate s(g).
8
Let f(r) = -19 - 5*r + 11 + r - 1. Determine f(8).
-41
Let w(x) = x**3 + 4*x**2 + x - 2. Let a = -21 + 31. Let i = a - 17. Let y = i + 4. Calculate w(y).
4
Let u(w) = 3154 - 1584 + 9*w - 1595. Determine u(3).
2
Let p(m) = -m**3 + 5*m**2 + 2*m - 4. Let n be ((-1)/6)/((-51)/1530). Determine p(n).
6
Let s be (-3)/(36/8)*-3. Let w(v) = -73*v + 75*v + 10*v**3 + 1 + s*v**2 + 0. Let m = -8 + 7. Give w(m).
-9
Let f = 0 - -2. Suppose 14*l - 10 = 9*l. Let r(g) = l + f*g + 1 - 3*g - 4. Determine r(5).
-6
Suppose 0 = -6*w - 248 + 212. Let u(q) = 3*q + 5. Calculate u(w).
-13
Let n(h) = 10*h**2. Let a(l) = l**3 + 5*l**2 - 2*l - 7. Let t be a(-5). Suppose 0 = 4*f - 2*r + 6, -2*f + 0*f - t*r = -1. Give n(f).
10
Let b be 14/16*22/77*4. Let t(d) = 6*d - 3. Calculate t(b).
3
Let w(a) be the second derivative of 31*a**4/12 + a**3/6 + a**2/2 + 22*a. Give w(-1).
31
Let j(l) = -17*l**3 + 7*l**2 - l + 8. Let q(c) = -3*c**3 + c**2 + 1. Let o(n) = -j(n) + 6*q(n). What is o(0)?
-2
Let m(l) be the third derivative of l**6/120 + 2*l**5/15 - 2*l**3/3 - 2*l**2 + 259*l. Suppose -3*g = 2*n + 16, -4*n + 0*g = 3*g + 32. Calculate m(n).
-4
Suppose 2 = -3*n - 4, -2*g + 5*n = -10. Let m(s) be the second derivative of -3/2*s**2 - 4*s + 1/20*s**5 + 0 + g*s**3 - 1/2*s**4. Give m(6).
-3
Suppose -4*g = 3*x - 13, -3*g = 5*x - 10 - 8. Let v(c) be the third derivative of 1/24*c**4 + 0 + 11*c**2 + 0*c - 1/12*c**6 + 0*c**5 - 1/6*c**3. Calculate v(g).
-10
Let w(a) = a**2 + 6*a - 6. Let t be ((-84)/8)/(1/(-2)). Let m = 15 - t. What is w(m)?
-6
Let g(b) = 74*b**2 + 4*b**3 - 70*b**2 - 4 - 3*b**3 - b. Let w(n) = -2*n + 3. Let h be w(3). Calculate g(h).
8
Let u(d) = 21*d + 10. Let p(h) = 60*h + 28. Let c(r) = 6*p(r) - 17*u(r). What is c(-1)?
-5
Let m(l) be the third derivative of l**6/120 - l**5/6 + 5*l**4/24 + 6*l**3 + 532*l**2. Give m(9).
0
Let q(y) = 15*y - 8. Let t(v) = 34*v - 17. Let h(r) = -14*q(r) + 6*t(r). Give h(4).
-14
Let i(r) = r**2 + r + 1. Let l(j) = 2*j**2 + 2*j + 2. Let s(f) = -5*i(f) + 2*l(f). Calculate s(-2).
-3
Let v(c) = -6*c + c - 4 + 1. Let f = -126 - -126. Suppose -2*y - 5*j - 9 = 0, f*y + 4*y + 5*j = -13. What is v(y)?
7
Let i(c) = 2*c**2 + 8*c + 10*c - 3 + 30 + 9*c. Let t be i(-12). Let o(l) = l**3 + 10*l**2 + 9*l - 7. Give o(t).
-7
Let a be 2 - 1 - (3 + -6). Let l be (3 - 3) + 1 + a. Let z(u) = 22*u - 3. Let b(s) = 19*s - 2. Let q(x) = -7*b(x) + 6*z(x). Calculate q(l).
-9
Suppose -4*t + 1501 = 5. Let o(f) = 2*f - f - 388 + t. Determine o(0).
-14
Let m(x) = -x**3 + 8*x**2 - 9*x - 6. Let j be m(2). Let p(d) be the second derivative of 1/3*d**3 - 1/6*d**4 + 5*d + j + 1/2*d**2. Give p(-2).
-11
Let v(z) = 11*z**3 + z**2 - 2*z - 3. Let u be v(-1). Let i(l) = -l**2 - 10*l + 2. Determine i(u).
-9
Let d(m) = -m**2 - 1. Let q(l) be the second derivative of l**5/20 + 3*l**4/4 - 3*l**3/2 + 13*l**2/2 - 15*l. Let h be q(-10). What is d(h)?
-10
Let u(j) be the third derivative of j**7/2520 + 7*j**6/720 + 3*j**5/40 + j**4/6 + 20*j**2. Let y(z) be the second derivative of u(z). Calculate y(-6).
3
Let z(n) be the third derivative of 5*n**4/24 + 11*n**3/6 - 2*n**2 - 86. Calculate z(4).
31
Let y(i) be the second derivative of -4*i**3/3 - i**2/2 - 2*i. Let x(t) = -7*t - 1. Let h(w) = -4*x(w) + 3*y(w). Let s(d) = -d + 14. Let l be s(15). Give h(l).
-3
Suppose 3*y + 10 = -5. Let o(p) = 3*p - 40. Let x be o(14). Let k(q) = 6*q + 1. Let j(t) = 12*t + 3. Let n(v) = x*j(v) + y*k(v). Give n(-2).
13
Let l(u) = -u. Let c(s) = 1. Let j(p) = -4*c(p) - l(p). Suppose 4*i + 4*a = 80, 3*a - 10 = -2*i + 27. Suppose 4 = -w, -i = b + 5*w - 6. Determine j(b).
-1
Let f(o) be the first derivative of 11 + 1/3*o**3 - 2*o + 0*o**2. Give f(0).
-2
Suppose -11*i + 9 = -8*i. Let h(y) = 5 + 6*y**i - 11 - y**2 + 5 + y. What is h(1)?
5
Let y(p) = -5169 + 5173 + 5*p + 0*p**2 + p**2. What is y(-4)?
0
Let f be 0 + (-10)/(2*1). Let k be 2664/16 + (-1)/2. Let r(v) = -4 + 331*v - v**2 - k*v - 170*v. Calculate r(f).
-4
Let w(k) = -k**3 + 4*k**2 - 4*k. Suppose -3*q + q = y + 18, -4 = 2*y. Let x = q - -8. Suppose x = -n - 2*v + 7, 2*n + 1 = 3*n - v. What is w(n)?
-3
Let h(y) = 2*y**2 - 4*y. Let q be h(3). Let k(j) = -18 - 11 - 6 + 7*j**2 + 49 - 8*j. Let l(a) = -15*a**2 + 16*a - 29. Let o(x) = -13*k(x) - 6*l(x). Give o(q).
4
Suppose 0 = 3*g + g - 16. Suppose 17 = 5*p - k, -4*k + 15 = g*p - 13. Let l(d) = 3*d - 8. Let f(x) = -1. Let t(z) = 4*f(z) - l(z). Determine t(p).
-8
Let k be ((-45)/(-12))/(-5)*-8. Let t = k - 24. Let b = 24 + t. Let y(f) = -2*f. Give y(b).
-12
Let i be (-5 - -1) + (-42)/6. Let u = -15 - i. Let f(y) be the second derivative of y**5/20 + y**4/4 - y**3/2 + 3*y**2/2 - 6*y. Give f(u).
-1
Suppose -4*c - 4 = -20. Let t(j) = j**3 + 0*j**3 - 471*j**2 + 468*j**2 - 4 - 2*j. Give t(c).
4
Let t be (2/(-10))/(46/138) - 85/25. Let c(l) = -2*l + 6*l - l**3 - 2*l**2 - l**2 + 6. Calculate c(t).
6
Let s(v) = -v + 16. Let a(x) = -8*x**2 - 71*x + 17. Let o be a(-9). What is s(o)?
8
Let a(i) be the third derivative of i**4/24 + 2*i**3/3 + 13*i**2. Let o(w) = 5*w + 19. Let y(g) = -22*a(g) + 4*o(g). Give y(-8).
4
Let m(i) = -i**3 + 4 + 0*i**3 - 473*i**2 - 2*i + 468*i**2. Determine m(-4).
-4
Let t(j) = -2*j**2 + j**2 + 6*j + 65 - 68. Determine t(4).
5
Suppose -5*u + u = 4*f - 4, -1 = 4*u + 5*f. Let n(z) be the third derivative of -z**6/120 + 7*z**5/60 - z**4/4 + 5*z**3/6 - 28*z**2. Give n(u).
5
Let u(g) be the second derivative of g**4/6 - 2*g**3/3 - 2*g**2 + 5*g + 6. Suppose 7*m - 20 = 2*m. Determine u(m).
12
Let t(j) = j**3 - 3*j**2 - 2*j + 2. Suppose -4*k - 20 = 0, 88 = 5*d - 2*k + 63. What is t(d)?
-4
Suppose -89 = -12*z - 173. Let g(v) = v + 5. Give g(z).
-2
Let o(p) = -p**3 - 2*p**2 + p + 1. Let w(n) = 4*n**3 - 3*n**2 - 2*n - 12. Let q(s) = -3*o(s) - w(s). Let k = -15 - -24. What is q(k)?
0
Let g(q) = -3*q - 2. Let y = 17 - 15. Let v be -2 - -4*1*1. Suppose y*n + 8 = -v*n. Calculate g(n).
4
Let d = -6 - -8. Let i(y) = y + 4. Determine i(d).
6
Suppose 24*k = 25*k + 3. Suppose -12 = 5*o - 0*s - 4*s, 10 = -o - 3*s. Let y be -2 + (o - k) - 2. Let i(r) = -r**3 - 4*r**2 + 3*r - 5. Calculate i(y).
5
Let f = 128 + -124. Let r(i) 